of 2480612323?
7, 3559, 99571
What are the prime factors of 1760963891?
197, 8938903
List the prime factors of 1396153713.
3, 17, 43, 461, 1381
List the prime factors of 420800412.
2, 3, 35066701
What are the prime factors of 627684806?
2, 7, 73, 87739
What are the prime factors of 117910475?
5, 331, 14249
What are the prime factors of 773625241?
61, 12682381
List the prime factors of 105372581.
2897, 36373
List the prime factors of 53160331.
7, 163, 46591
List the prime factors of 43441200.
2, 3, 5, 11, 1097
What are the prime factors of 520208361?
3, 47, 1229807
What are the prime factors of 41349101?
23, 43, 41809
What are the prime factors of 392220453?
3, 419, 312029
What are the prime factors of 800845649?
19, 37, 59957
What are the prime factors of 404915449?
199, 431, 4721
What are the prime factors of 1399518622?
2, 31, 22572881
What are the prime factors of 29158496?
2, 877, 1039
What are the prime factors of 3144533197?
13, 17, 43, 330899
List the prime factors of 58851405.
3, 5, 1307809
List the prime factors of 1079740066.
2, 539870033
What are the prime factors of 53375150?
2, 5, 251, 4253
List the prime factors of 77749018.
2, 38874509
What are the prime factors of 181083159?
3, 3049, 6599
What are the prime factors of 298500124?
2, 13, 5740387
What are the prime factors of 40625888?
2, 1269559
List the prime factors of 88812659.
13, 467, 14629
What are the prime factors of 2654887065?
3, 5, 176992471
What are the prime factors of 2032187414?
2, 883, 1150729
List the prime factors of 20869513.
7, 577, 5167
List the prime factors of 638259538.
2, 7, 239, 190753
What are the prime factors of 389994192?
2, 3, 7, 421, 919
List the prime factors of 2043285035.
5, 11, 37150637
List the prime factors of 6147789.
3, 2049263
What are the prime factors of 839846630?
2, 5, 7, 79, 151871
List the prime factors of 55195837.
23, 307, 7817
What are the prime factors of 289451501?
12569, 23029
What are the prime factors of 53499407?
13, 193, 21323
List the prime factors of 9787779.
3, 409, 2659
What are the prime factors of 102520773?
3, 769, 14813
What are the prime factors of 177646556?
2, 44411639
What are the prime factors of 939263374?
2, 7, 23, 593, 4919
What are the prime factors of 3445416165?
3, 5, 179, 967, 1327
List the prime factors of 246835558.
2, 123417779
What are the prime factors of 473382642?
2, 3, 23, 263, 13043
What are the prime factors of 2218056042?
2, 3, 53, 89, 109, 719
List the prime factors of 1143621695.
5, 881, 259619
List the prime factors of 2800399385.
5, 7, 23, 211, 16487
What are the prime factors of 151423893?
3, 16824877
List the prime factors of 1853755656.
2, 3, 23, 146011
List the prime factors of 164158141.
7, 23451163
What are the prime factors of 1229286241?
1229286241
What are the prime factors of 261500640?
2, 3, 5, 544793
List the prime factors of 2758358141.
7, 11, 35822833
What are the prime factors of 455196638?
2, 13, 953, 18371
List the prime factors of 131581194.
2, 3, 19, 1154221
List the prime factors of 188112555.
3, 5, 317, 13187
What are the prime factors of 19451250?
2, 3, 5, 7, 13, 19
List the prime factors of 1256724073.
11, 173, 660391
List the prime factors of 117825750.
2, 3, 5, 7, 7481
What are the prime factors of 23792056?
2, 1033, 2879
What are the prime factors of 2020528895?
5, 7, 11, 5248127
List the prime factors of 1399880975.
5, 311, 401, 449
List the prime factors of 4844493814.
2, 31, 78136997
What are the prime factors of 193692368?
2, 2531, 4783
List the prime factors of 154409838.
2, 3, 11, 89, 97, 271
List the prime factors of 83932037.
7, 23, 521317
What are the prime factors of 249081815?
5, 49816363
List the prime factors of 3413334679.
3413334679
What are the prime factors of 1100221800?
2, 3, 5, 439, 4177
List the prime factors of 1834567270.
2, 5, 1607, 114161
List the prime factors of 145409338.
2, 72704669
What are the prime factors of 78942426?
2, 3, 157, 181, 463
List the prime factors of 486124164.
2, 3, 13503449
What are the prime factors of 101066903?
7, 2113, 6833
What are the prime factors of 1702740993?
3, 19, 109, 274061
What are the prime factors of 13353349?
43, 443, 701
List the prime factors of 4555842353.
59, 389, 198503
List the prime factors of 38622699.
3, 61, 70351
List the prime factors of 1898754105.
3, 5, 4079, 31033
List the prime factors of 31607405.
5, 23, 274847
List the prime factors of 79665903.
3, 2950589
List the prime factors of 11073503.
7, 1581929
List the prime factors of 2217012161.
7, 13, 89, 273739
What are the prime factors of 63996908?
2, 17, 941131
What are the prime factors of 42794702?
2, 1733, 12347
What are the prime factors of 681529479?
3, 227176493
What are the prime factors of 8464225?
5, 7, 11, 4397
List the prime factors of 132497923.
1201, 110323
List the prime factors of 5808070722.
2, 3, 23, 42087469
List the prime factors of 46520822.
2, 23260411
What are the prime factors of 13455933?
3, 19, 236069
What are the prime factors of 270195100?
2, 5, 7, 89, 4337
List the prime factors of 1514150177.
1514150177
What are the prime factors of 3810955799?
7, 19, 28653803
List the prime factors of 122019802.
2, 47, 223, 5821
What are the prime factors of 30627258?
2, 3, 179, 28517
List the prime factors of 56490746.
2, 13, 2172721
What are the prime factors of 273606137?
7, 19, 23, 89443
List the prime factors of 1898562676.
2, 18041, 26309
List the prime factors of 75079863.
3, 223, 37409
What are the prime factors of 57892226?
2, 7, 84391
What are the prime factors of 245858981?
17, 79, 183067
What are the prime factors of 2392433347?
2392433347
List the prime factors of 47481126.
2, 3, 7, 11, 9343
List the prime factors of 1397200895.
5, 23, 139, 87407
List the prime factors of 22287424.
2, 348241
What are the prime factors of 39697430?
2, 5, 41, 96823
What are the prime factors of 1374309348?
2, 3, 114525779
List the prime factors of 3244557928.
2, 23, 17633467
List the prime factors of 148052394.
2, 3, 7, 41, 233
List the prime factors of 3531674826.
2, 3, 17, 11541421
List the prime factors of 45625487.
45625487
List the prime factors of 6573355697.
359, 18310183
List the prime factors of 175071972.
2, 3, 1481, 9851
List the prime factors of 70470474.
2, 3, 17, 690887
What are the prime factors of 1123792460?
2, 5, 7, 1146727
List the prime factors of 3806171141.
16229, 234529
What are the prime factors of 60375592?
2, 79, 95531
List the prime factors of 590154360.
2, 3, 5, 43, 114371
What are the prime factors of 1359709839?
3, 7229, 20899
List the prime factors of 57974506.
2, 28987253
List the prime factors of 1154225.
5, 137, 337
What are the prime factors of 23353270?
2, 5, 173, 13499
What are the prime factors of 1266937041?
3, 3203, 131849
What are the prime factors of 995884947?
3, 101, 1095583
List the prime factors of 12700669.
23, 31, 47, 379
List the prime factors of 22332913.
1459, 15307
List the prime factors of 1416072588.
2, 3, 7, 47, 358681
List the prime factors of 1447390392.
2, 3, 7, 181, 47599
What are the prime factors of 779646290?
2, 5, 383, 203563
List the prime factors of 552654898.
2, 276327449
List the prime factors of 77287546.
2, 7, 179, 30841
What are the prime factors of 105379?
105379
List the prime factors of 1569303419.
29, 673, 80407
List the prime factors of 296118603.
3, 11, 31, 96487
List the prime factors of 115827598.
2, 57913799
List the prime factors of 86541125.
5, 11, 62939
What are the prime factors of 2209303515?
3, 5, 89, 683, 2423
List the prime factors of 180662090.
2, 5, 7, 2580887
List the prime factors of 116753605.
5, 3323, 7027
List the prime factors of 1685691780.
2, 3, 5, 17, 19, 86981
List the prime factors of 1444004280.
2, 3, 5, 139, 9619
What are the prime factors of 286630647?
3, 43, 2221943
List the prime factors of 2020633977.
3, 101, 6668759
List the prime factors of 166956065.
5, 17, 1964189
List the prime factors of 41711756.
2, 433, 24083
List the prime factors of 729426970.
2, 5, 359, 203183
What are the prime factors of 76128041?
11, 19, 1009
List the prime factors of 70794383.
11, 43, 97, 1543
List the prime factors of 734511140.
2, 5, 11, 257, 1181
List the prime factors of 2765765843.
31, 9281, 9613
List the prime factors of 131657248